((-5)/120).
2, 17
Let v be (77/(-616))/(2/(-16)). Suppose -l = v, -l = -i - 6*l + 1412. What are the prime factors of i?
13, 109
Suppose -353 + 29 = -3*r. Let u = 113 - r. Suppose 2*a - 382 = -4*w, -7*a + 473 = u*w - 3*a. What are the prime factors of w?
97
Suppose 0 - 14 = -g. Let a(w) = w**2 - 16*w + 28. Let i be a(g). Suppose i = 10*q - 4*q - 624. List the prime factors of q.
2, 13
Let j(t) = -33*t + 13. Let f be j(-8). Let w be (-1)/((12/688)/3). Let m = f + w. List the prime factors of m.
3, 5, 7
Suppose 5*t - 33068 = -51*u + 52*u, -33044 = -5*t - 7*u. What are the prime factors of t?
17, 389
Let y = 411 + 72. Let s = y - 198. What are the prime factors of s?
3, 5, 19
Let y(w) = -w**3 + 21*w**2 + 2*w + 11. Let z(r) = -r**3 + 22*r**2 + 3*r + 11. Let x(i) = 5*y(i) - 4*z(i). What are the prime factors of x(14)?
571
Let j = 992 + -692. List the prime factors of (2/(12/111))/(10/j).
3, 5, 37
Let g(n) = -3*n**3 - 19*n**2 + 36*n + 48. Let w(s) = -s**3 - s. Let r(a) = -g(a) + 2*w(a). List the prime factors of r(-20).
2, 3, 13
Let k = 12788 + -5329. What are the prime factors of k?
7459
Let b(f) = -f**3 + 11*f**2 + 8*f - 6. Let w be b(7). List the prime factors of (-11 - -15) + -2 + w.
2, 31
Suppose 3121*t - 3002*t = 4874478. List the prime factors of t.
2, 3, 6827
Suppose 0 = -14*v + 12*v + 2036. Suppose -5*w - v = -3*l + 298, -4*w = 5*l - 2181. What are the prime factors of l?
19, 23
Suppose -191407 = -3*z + v, 3*v - 6*v = 3*z - 191427. List the prime factors of z.
2, 3, 13, 409
Suppose 4163 + 3017 = w. List the prime factors of w.
2, 5, 359
Let v(i) = -i + 11. Let a(u) = -9*u**3 - 4*u**2 - 3*u + 2. Let r be a(-2). Suppose -r = 4*n - 0*n. What are the prime factors of v(n)?
3
Suppose -12 = 13*c + 1. List the prime factors of c - (-11)/(66/2898).
2, 241
Let c = 3364 + 2312. What are the prime factors of c?
2, 3, 11, 43
Let w(j) = 1 + 9*j**3 - 2 - 8*j**3 + 7*j + 7*j**2 - 5. Let u be w(-6). Let g(b) = -b**3 - 10*b**2 + 14*b + 27. List the prime factors of g(u).
3, 7
List the prime factors of 8*(-20)/2320 + 465162/29.
2, 5, 401
Let r(m) = m**3 + 7*m**2 + 7*m + 11. Let q be r(-6). Suppose -569 = -3*n - q*c, 132*n + c = 127*n + 919. What are the prime factors of n?
3, 61
Let c = 363 + -213. Suppose -64*r + 41*r + 1702 = 0. Let t = c - r. What are the prime factors of t?
2, 19
Let u = -213 - -1019. What are the prime factors of u?
2, 13, 31
Suppose -4*u = -20, 3*u = -5*b + 2392 - 817. Let k = 4550 + -4108. Let p = k - b. What are the prime factors of p?
2, 5, 13
Let q(s) = 43*s**2 + 133*s - 182. List the prime factors of q(-27).
2, 17, 811
What are the prime factors of ((-1166)/4)/((-10)/476) + (-34)/85?
3, 5, 37
Let t(x) = 85*x**3 - 4*x**2 + x + 9. What are the prime factors of t(3)?
3, 757
Suppose 4*f = i - 10, 4*i + 1 - 5 = -2*f. Suppose 0 = i*u + 5*z - 2218, -z + 1481 = 3*u - 1872. What are the prime factors of u?
3, 373
Let z = 149 - 147. Suppose 4*a - 629 = 3*a - 4*l, -z*a - l + 1223 = 0. List the prime factors of a.
3, 7, 29
Let a(l) = 170*l - 8535. What are the prime factors of a(72)?
3, 5, 13, 19
Suppose 2*g - 3 = -g, 0 = 2*c - 2*g - 20. Let u(x) = -5*x - 14. Let l be u(c). Let j = l + 234. What are the prime factors of j?
3, 5, 11
Let i(f) = -3954*f - 2392. List the prime factors of i(-5).
2, 8689
Let d be 0 - (-3 - 3 - -1). What are the prime factors of 1407/d - (2 + (-8)/5)?
281
Let w = -116074 + 174977. List the prime factors of w.
13, 23, 197
Let f = -32 + 40. What are the prime factors of (798/f)/(11/(-4) - -3)?
3, 7, 19
Suppose 44*b - 1206520 = -512*b. List the prime factors of b.
2, 5, 7, 31
Suppose -51*o = -8*o + 30*o - 675031. What are the prime factors of o?
7, 1321
List the prime factors of (-6)/18 - 11/(-132)*10708.
2, 223
Suppose -11 = b - 0*b. What are the prime factors of (-7713)/6*(22/3)/b?
857
Suppose 7*k = 32*k - 8175. Suppose -x = -269 - k. List the prime factors of x.
2, 149
Suppose 72261 + 3867 = 43*s - 30*s. List the prime factors of s.
2, 3, 61
Let m(f) = 4*f. Let q be 2/2*-1 + 6. Let r be m(q). Suppose -2*o = -198 + r. List the prime factors of o.
89
Suppose 3*f + 5 = 137. Suppose 5*d - 5*l + 5 = 0, -l + 8 = 2*d + 2*l. What are the prime factors of (d - 0)/(4/f)?
11
What are the prime factors of 184/3*-1899*3/(-36)?
2, 23, 211
Let w(h) = h**3 - 101*h**2 - 165*h + 165. What are the prime factors of w(108)?
3, 83, 257
Let g(u) = 2462*u**2 - 51*u - 132. What are the prime factors of g(5)?
31, 1973
Suppose 5*s + 14 = m, 0*s + 4 = -4*s. Suppose 2*k - 2 = -3*a - a, m = -4*k + 5*a. What are the prime factors of 2 + 5 + 176 + 5 + k?
11, 17
Suppose -2*g + 20 = 2*l, 2*g + 0*g + 3*l - 25 = 0. Suppose i + 3 = 0, 4*d - i = -g*i + 4488. List the prime factors of d.
3, 5
Let y be (-176)/(-132) - (-880)/6. Suppose -465 = y*k - 151*k. What are the prime factors of k?
5, 31
Suppose -m = -4*o + 203, 2*o + 3*m - 100 = 5*m. Let g = o + -49. Suppose 2*n = g*j - 78, -41 + 2 = -j + 5*n. What are the prime factors of j?
3, 13
Let a = 10694 - 5736. List the prime factors of a.
2, 37, 67
Let o(w) = 81*w + 6. Let l(n) = 160*n + 13. Let t(d) = 2*l(d) - 5*o(d). What are the prime factors of t(-1)?
3
Let x(a) be the second derivative of -a**5/20 + a**4/4 + a**3/3 - 2*a**2 + 15*a. Let y be x(3). Let t(s) = 44*s - 8. What are the prime factors of t(y)?
2, 5
Let k = 43 + -36. Let l = 9 - k. Suppose 59 = j - l*m, 0 = -j + 4*m - 0*m + 65. List the prime factors of j.
53
Let g(m) = 745*m + 14419. List the prime factors of g(0).
14419
Let j(b) = 12*b**2 - 8*b + 6. Let l be j(1). List the prime factors of 1/((-3)/(-1871)) + l/30.
2, 3, 13
What are the prime factors of 1002544/112 - 18/63?
8951
Let n(k) = -35*k - 17 + 64*k - 20*k + 8*k**2 - 23*k. Let y be n(-11). Suppose -o + 589 + 280 = 4*c, y = 5*c + 5*o. What are the prime factors of c?
2, 3
Suppose -4*d + 363 - 99 = 0. Suppose 49*n = d*n - 2210. What are the prime factors of n?
2, 5, 13
Suppose -81*i - 1377 = -54*i. Suppose -2*f - 51 = 73. Let m = i - f. List the prime factors of m.
11
Suppose 23*i + 7746 = 5*l + 19*i, 4*l - 6195 = 5*i. Suppose -310 = 5*s - l. List the prime factors of s.
2, 31
Suppose z + 24 = 2*t, 4*z + 3*t = 2*z - 27. Let x be 3/(-18) - 1893/z. What are the prime factors of 16/(-7) + 2 - (-12210)/x?
2, 29
Suppose 3*o = -36 - 54. Let n = o - -41. Suppose -4*v + n = -629. What are the prime factors of v?
2, 5
Let l(g) = -g**2 + 23*g - 37. Let x be l(21). Suppose 0 = x*f - 10*f + 25. Suppose 2*i - 3*r - 36 + 7 = 0, -r + 115 = f*i. List the prime factors of i.
2, 11
Let b be ((-270)/2*7)/(-4 + 5). List the prime factors of 3 - 0 - 2/(6/b).
2, 3, 53
Let z(n) = 2*n - 22. Let x be z(15). Suppose -q + y + 79 = x, 0 = q + y - 61. Let r = 126 - q. List the prime factors of r.
2, 3, 5
Suppose -7*h = -4*q - 5*h + 13206, 0 = -2*h - 10. List the prime factors of q.
3299
Suppose 0 = -9*t + 800 + 1657. Let k = t + 36. List the prime factors of k.
3, 103
Let x = -50519 - -70734. What are the prime factors of x?
5, 13, 311
Let p(q) = 18*q**2 + 64*q + 989. What are the prime factors of p(-28)?
13309
Let w = -16 + 21. Suppose 3*f - 3*y = -243, 413 = -w*f - 0*f + y. Let k = f - -140. List the prime factors of k.
3, 19
List the prime factors of 4 + 13 + 41848 - 3/6*10.
2, 5, 7, 13, 23
Suppose -2*n + 11030 = s - 8082, -18 = 3*s. List the prime factors of n.
11, 79
Let o(l) = -41 + 68*l - 1 + 310*l - 48*l. What are the prime factors of o(2)?
2, 3, 103
Suppose -4*d + 2*t = -72, 70 = -4*d + 8*d - 3*t. Let w = d - 15. Suppose -w*o = -o - 441. What are the prime factors of o?
3, 7
Let y(s) = 97*s**2 + 28*s + 148. Let f be y(-8). Suppose -14*k + 10*k = -3*r - f, 6136 = 4*k - 2*r. List the prime factors of k.
2, 3
Let a = 5 + -2. Suppose 2*t + 2*k - 28 = -6, a*k = t - 31. List the prime factors of t.
2
Let x = -18 + 41. Let c be (5 - 2)*33 - -6. Let m = c - x. What are the prime factors of m?
2, 41
Suppose 0 = 3*q + s - 4222 - 1641, -2*s = q - 1956. What are the prime factors of q?
2, 977
Let z = 51062 - 12306. What are the prime factors of z?
2, 9689
Suppose j - 1958 - 394 = 0. Let v be (2/3)/(4/j). Suppose -v = -f - 3*f. What are the prime factors of f?
2, 7
Suppose -271 = 9*l + 782. Let c = l + 217. What are the prime factors of c?
2, 5
Let u = 33 - 16. Let a = u - 23. List the prime factors of (-8 + 14)*(